rime factors of 4734507542.
2, 23, 102924077
What are the prime factors of 4586032305?
3, 5, 29, 107, 32843
List the prime factors of 2050692864.
2, 3, 11, 17, 109, 131
List the prime factors of 269164373.
1319, 204067
What are the prime factors of 1372535317?
619, 2217343
List the prime factors of 40275075.
3, 5, 537001
What are the prime factors of 3412275268?
2, 541, 1576837
List the prime factors of 8593002.
2, 3, 11, 43399
What are the prime factors of 2709375011?
7, 67, 5776919
What are the prime factors of 104119229?
23, 1039, 4357
List the prime factors of 97589821.
7, 211, 9439
List the prime factors of 353678600.
2, 5, 11, 373, 431
What are the prime factors of 105233465?
5, 2591, 8123
What are the prime factors of 172497889?
172497889
List the prime factors of 35624772.
2, 3, 19, 643
What are the prime factors of 24850506?
2, 3, 29, 251, 569
What are the prime factors of 1342689195?
3, 5, 89512613
List the prime factors of 441400782.
2, 3, 47, 1565251
What are the prime factors of 35692988?
2, 83, 107509
What are the prime factors of 3641664132?
2, 3, 53, 61, 67, 467
What are the prime factors of 26563362?
2, 3, 7, 29, 113, 193
List the prime factors of 5897474885.
5, 19, 62078683
List the prime factors of 159648824.
2, 19956103
What are the prime factors of 889711830?
2, 3, 5, 7, 17, 27691
What are the prime factors of 11689983?
3, 1298887
What are the prime factors of 2173483?
13, 167191
List the prime factors of 272712581.
7927, 34403
List the prime factors of 55179750.
2, 3, 5, 29, 43, 59
List the prime factors of 115463291.
10631, 10861
What are the prime factors of 2328173424?
2, 3, 43, 375997
List the prime factors of 365652675.
3, 5, 1625123
What are the prime factors of 7534848?
2, 3, 9811
List the prime factors of 1205962663.
127, 9495769
What are the prime factors of 1709790142?
2, 854895071
List the prime factors of 19619667.
3, 23, 94781
List the prime factors of 2975496511.
13, 228884347
List the prime factors of 430654559.
430654559
What are the prime factors of 132403085?
5, 757, 34981
List the prime factors of 47017480.
2, 5, 1175437
List the prime factors of 54534856.
2, 179, 38083
List the prime factors of 285924885.
3, 5, 173, 110183
What are the prime factors of 3226936739?
13, 241, 1029983
List the prime factors of 255202341.
3, 83, 1024909
List the prime factors of 6315655116.
2, 3, 526304593
List the prime factors of 96439654.
2, 149, 323623
List the prime factors of 117108685.
5, 19, 829, 1487
List the prime factors of 1180943641.
17, 191, 443, 821
List the prime factors of 166546163.
7, 23792309
What are the prime factors of 4211095?
5, 7, 79, 1523
List the prime factors of 456972225.
3, 5, 6092963
What are the prime factors of 791315586?
2, 3, 487, 90271
List the prime factors of 824517092.
2, 7, 277, 106307
List the prime factors of 1168163767.
23, 50789729
List the prime factors of 218698543.
7, 89, 351041
List the prime factors of 544389426.
2, 3, 7, 397, 10883
List the prime factors of 42774454.
2, 21387227
What are the prime factors of 43463675?
5, 23, 269, 281
What are the prime factors of 165876877?
31, 599, 8933
What are the prime factors of 485770598?
2, 401, 467, 1297
What are the prime factors of 1168479612?
2, 3, 32457767
List the prime factors of 260195602.
2, 130097801
List the prime factors of 113045199.
3, 47, 283, 2833
What are the prime factors of 54354422?
2, 607, 44773
What are the prime factors of 2249850944?
2, 11, 421, 7591
What are the prime factors of 1194342536?
2, 37, 67, 60223
What are the prime factors of 145062929?
11, 19, 694081
List the prime factors of 1396315459.
7, 11, 18133967
List the prime factors of 2385161353.
17, 140303609
What are the prime factors of 3126404451?
3, 67, 232153
List the prime factors of 680947822.
2, 163, 293, 7129
List the prime factors of 169305611.
79, 2143109
What are the prime factors of 3438140182?
2, 29, 373, 158923
List the prime factors of 5744377183.
149, 151, 199, 1283
What are the prime factors of 2027013033?
3, 467, 1446833
List the prime factors of 315760863.
3, 11, 9568511
What are the prime factors of 4911144?
2, 3, 7, 23, 31, 41
What are the prime factors of 3962101425?
3, 5, 52828019
What are the prime factors of 73883380?
2, 5, 751, 4919
What are the prime factors of 163475991?
3, 7, 107, 24251
What are the prime factors of 1909101611?
4159, 459029
List the prime factors of 161480937.
3, 157, 342847
What are the prime factors of 34542125?
5, 276337
List the prime factors of 67447187.
67447187
List the prime factors of 1771868687.
23, 71, 383, 2833
What are the prime factors of 130737926?
2, 11, 47, 227, 557
List the prime factors of 635200676.
2, 11, 47, 181, 1697
List the prime factors of 40580874.
2, 3, 2254493
List the prime factors of 5042904762.
2, 3, 7, 47, 2554663
What are the prime factors of 271325344?
2, 67, 126551
What are the prime factors of 63548861?
63548861
What are the prime factors of 4275947346?
2, 3, 11, 113, 179, 3203
List the prime factors of 12783409.
19, 672811
List the prime factors of 45378543.
3, 7, 2160883
What are the prime factors of 3302424526?
2, 15647, 105529
What are the prime factors of 91795634?
2, 7, 6556831
What are the prime factors of 950385487?
1499, 634013
What are the prime factors of 2086509467?
7, 17, 31, 565603
List the prime factors of 1387979232.
2, 3, 41, 352637
What are the prime factors of 35606556?
2, 3, 989071
What are the prime factors of 285018242?
2, 142509121
What are the prime factors of 93277881?
3, 10364209
List the prime factors of 609783397.
19, 32093863
List the prime factors of 122940933.
3, 40980311
What are the prime factors of 125826441?
3, 13, 3226319
List the prime factors of 1434363951.
3, 478121317
List the prime factors of 2774486.
2, 11, 13, 89, 109
List the prime factors of 139497889.
59, 71, 33301
What are the prime factors of 592882465?
5, 7, 347, 48817
What are the prime factors of 168280759?
631, 266689
List the prime factors of 70736232.
2, 3, 7, 421049
List the prime factors of 101934344.
2, 23, 553991
What are the prime factors of 197481918?
2, 3, 149, 220897
What are the prime factors of 422967912?
2, 3, 127, 151, 919
List the prime factors of 2644692595.
5, 528938519
List the prime factors of 24167792.
2, 11, 353, 389
What are the prime factors of 863926222?
2, 743, 581377
List the prime factors of 23215.
5, 4643
List the prime factors of 52869934.
2, 13, 2033459
List the prime factors of 39623283.
3, 7, 209647
List the prime factors of 3286641.
3, 101, 10847
What are the prime factors of 41609800?
2, 5, 208049
List the prime factors of 21766839.
3, 673, 10781
List the prime factors of 3564625591.
3564625591
What are the prime factors of 147049551?
3, 11, 43, 34543
What are the prime factors of 598163381?
223, 2682347
List the prime factors of 97693458.
2, 3, 17, 787, 1217
List the prime factors of 8096568.
2, 3, 29, 11633
What are the prime factors of 356708263?
17, 43, 487973
What are the prime factors of 5819048408?
2, 727381051
What are the prime factors of 290812001?
290812001
What are the prime factors of 322153349?
7, 17, 409, 6619
List the prime factors of 670012177.
17, 73, 539897
What are the prime factors of 93393917?
31, 271, 11117
What are the prime factors of 22722296?
2, 79, 157, 229
What are the prime factors of 1444591457?
1444591457
What are the prime factors of 814239288?
2, 3, 11308879
What are the prime factors of 5107497512?
2, 13, 49110553
List the prime factors of 87939487.
17, 443, 11677
What are the prime factors of 3343622214?
2, 3, 1933, 288293
What are the prime factors of 3007631580?
2, 3, 5, 37, 569, 2381
What are the prime factors of 326386626?
2, 3, 54397771
What are the prime factors of 472124990?
2, 5, 521, 90619
What are the prime factors of 11410006?
2, 293, 19471
What are the prime factors of 197836863?
3, 7, 53, 67, 379
What are the prime factors of 943018497?
3, 79, 442109
What are the prime factors of 14126232?
2, 3, 23, 157, 163
List the prime factors of 280396929.
3, 17, 5497979
What are the prime factors of 1185316988?
2, 296329247
List the prime factors of 12218568.
2, 3, 311, 1637
List the prime factors of 218546509.
17, 12855677
List the prime factors of 42472208.
2, 47, 56479
List the prime factor